 - 305. What is the greatest common factor of 22 and o?
11
Let q = -760 + 1096. What is the greatest common divisor of 12 and q?
12
Let m = -5 + 9. Let k(o) = -6*o**2 + 76*o - 16. Let i be k(12). What is the greatest common factor of m and i?
4
Suppose 4*v = 4*c + c - 12, c - 6 = -v. Calculate the greatest common factor of 22 and v.
2
Suppose 3*l = -u + 78, -l - 3*u = u - 37. What is the greatest common factor of 850 and l?
25
Let c(d) = -13*d**3 - 2*d + 2. Let v be c(1). Let h = -12 - v. Calculate the highest common factor of 1 and h.
1
Suppose -h + 115 = 4*h. Let t = 1250 + -445. Suppose -8*a - t = -13*a. What is the highest common divisor of h and a?
23
Let q be 167/3 - (-8)/(-12). Let j(f) = -f**3 - 8*f**2 + 8*f - 4. Let s be j(-9). Suppose -14 - 11 = -s*u. Calculate the highest common factor of u and q.
5
Suppose -3*t - 191 = 2*k + 3*k, 3*k = -2*t - 115. Let n = k - -77. What is the highest common factor of 20 and n?
20
Let n(v) = -v**3 + 5*v**2 + 8*v - 7. Let s be n(6). Suppose -4*x - 3*b + 111 = 0, 0 = 2*x + 2*x + s*b - 113. Calculate the highest common divisor of x and 216.
27
Let n be (-42)/(-2) + 3/((-15)/(-25)). What is the highest common divisor of n and 78?
26
Suppose 0 = 4*j + q - 145, -4*q + 9 = -j + 41. What is the greatest common divisor of 300 and j?
12
Suppose -4*p + 52 = 4*t, t + 2*p - 12 - 2 = 0. What is the greatest common divisor of 24 and t?
12
Suppose 5*v + 3*z + 55 = 185, z - 28 = -v. What is the greatest common factor of 1 and v?
1
Let f = -36 - -51. Suppose -7*z + 12*z - f = 0. Calculate the greatest common divisor of 27 and z.
3
Let l be 22/77 + 332/14. Suppose 0 = -i - 3*i + l. Calculate the greatest common factor of 18 and i.
6
Let z(q) = q**3 - 5*q**2 - 4*q - 2. Let i be z(5). Let p be -3 + 18*i/(-4). Let a = -25 + 37. Calculate the greatest common divisor of a and p.
12
Let q(g) = 3*g**2 + 30*g + 33. Let l be q(-15). What is the highest common divisor of 1419 and l?
129
Let i = 181 - 264. Let w = i + 281. Calculate the greatest common divisor of w and 18.
18
Suppose 5*n = -3*t + 555, -4*t - 2*n - 87 = -813. Calculate the greatest common divisor of 108 and t.
36
Let b be (273/(-42))/((-107)/106 - -1). What is the greatest common factor of 13 and b?
13
Let k(g) = -18*g**3 + 5*g**2 + 5*g - 20. Let m be k(-3). What is the greatest common factor of 64 and m?
16
Suppose 588 = -6*y + 660. Let s(o) = -o**3 + 6*o**2 + o + 3. Let b be s(6). What is the highest common factor of y and b?
3
Suppose 50*j - 45*j - 145 = 0. Let g = 16 + j. What is the highest common divisor of 18 and g?
9
Suppose 2*x = 2*o + 138, -5*o - 2 = 8. Calculate the greatest common divisor of 1139 and x.
67
Let z = 19 + -14. Let u(v) = -v**3 + 6*v**2 - 6*v + 11. Let b be u(z). Calculate the greatest common divisor of b and 4.
2
Suppose 115 = 3*g + 61. What is the greatest common divisor of 258 and g?
6
Suppose -7 = t - 13. Calculate the greatest common factor of t and 120.
6
Suppose -10*w = -3*w - 707. What is the greatest common divisor of 2323 and w?
101
Let a(c) = 2*c - 1. Let b(h) = h**3 + 5*h**2 + 3*h - 5. Let s be b(-4). Let v be a(s). Let k be ((-4)/6)/(v/72). What is the highest common factor of 8 and k?
8
Suppose 4*m = -3*t + 2*m + 242, -2*t + 5*m = -136. Suppose 3*d = -3*g + 144, 0*g + 2*g = 3*d - 164. What is the greatest common divisor of t and d?
26
Suppose 16*l - 21*l + 20 = 0. What is the greatest common divisor of 76 and l?
4
Suppose 5*f - 36 = 24. Let u(v) = -v**2 - 11*v - 6. Let o be u(-9). Calculate the highest common divisor of o and f.
12
Suppose 212 + 96 = 7*n. Let t be 33 - (-1 + 1) - -2. Let f be 399/t - (-4)/(-10). Calculate the greatest common factor of f and n.
11
Let w be 6/(-2) - -2*354/12. Calculate the highest common factor of w and 104.
8
Let d be -1 + 5 + 29/(-1). Let i be (-198)/(-5) - 10/d. Let q be 3 - ((-1 - -4) + -5). Calculate the highest common factor of q and i.
5
Let w = -2 - -22. Calculate the highest common divisor of 1060 and w.
20
Let o(b) = -b**3 + 7*b**2 + 4*b + 6. Let k be o(7). Let y = k - 10. Let f be (-18)/4*(5/(-3) + -1). Calculate the highest common factor of f and y.
12
Suppose -263 = -13*b + 75. Calculate the greatest common divisor of 26 and b.
26
Suppose -11 - 7 = -2*g. Suppose -3 = 2*f - g. What is the greatest common factor of 6 and f?
3
Let b(f) = f**2 + f. Let s be b(-2). Suppose 2*l + s*l = 44. Let w = -5 + l. Calculate the greatest common factor of w and 15.
3
Let i be (-141)/(54/(-15) + 3). Calculate the highest common factor of i and 47.
47
Let m be 3/(-15) + 455/25. Let y be m/(-99) + 306/(-11). Let w = y - -43. Calculate the highest common divisor of w and 15.
15
Let s = 16 + -10. Suppose -s*l + 5*l = 34. Let i = -23 - l. Calculate the highest common factor of i and 22.
11
Let i be 176/(-12)*(-7 - (-25)/(-2)). What is the highest common factor of i and 182?
26
Let u be ((-92)/(-8))/(1/2). Let x = u - 13. What is the greatest common factor of x and 25?
5
Let m(r) = r - 4. Let u be m(6). Suppose 10 = 2*s + u. Suppose 2*q = -2*q + 3*b + 177, 0 = s*q + 3*b - 159. Calculate the highest common factor of 105 and q.
21
Let r be (24/(-10))/((-18)/1305). Suppose 130 + r = 8*c. Let v = c - 17. What is the highest common divisor of v and 84?
21
Let b(v) = v**3 + 27*v**2 + 152*v + 20. Let r be b(-8). Let t = -7 + 12. Calculate the highest common factor of r and t.
5
Suppose 8 = a - 8. What is the greatest common divisor of 16 and a?
16
Let z(x) = -x + 2. Let g(n) = -n**3 - 6*n**2 - 5*n + 1. Let m be g(-4). Let d be z(m). What is the highest common divisor of 13 and d?
13
Let q = -197 - -219. Calculate the highest common divisor of 22 and q.
22
Let v be (-65)/10*(-5 + -5). Calculate the greatest common factor of 39 and v.
13
Let d = 621 - 594. Calculate the highest common factor of d and 12.
3
Let y = -1811 + 1873. What is the highest common factor of 2666 and y?
62
Suppose -1570 = c - 6*c - 5*i, 0 = -c - 5*i + 294. Let q be 525/18 - (-25)/(-150). Calculate the highest common divisor of q and c.
29
Let a(l) = l**3 - 6*l**2 + 3*l - 8. Let t be a(6). Suppose 3*b - 67 - 25 = 2*f, 89 = 3*b + f. What is the greatest common divisor of b and t?
10
Let h(u) = 2*u**2 - 10*u - 12. Let d be h(11). Let n = -24 + 36. What is the greatest common factor of n and d?
12
Suppose -2*r - 4*d - 12 = 2, 3*d = 2*r. Let g be (1/(-1))/(r/(-102)). Let h = g + 38. What is the greatest common divisor of h and 44?
4
Let a = -2062 - -2085. What is the highest common divisor of a and 483?
23
Suppose -i - 169 = -2*r, -5*r + i = -i - 422. Let a be (-20)/(12/(-5) - -2). Let b = -38 + a. What is the greatest common factor of b and r?
12
Suppose 5*v - 390 = 35. Calculate the highest common divisor of 153 and v.
17
Let b be (3*-4)/((-108)/72). What is the highest common divisor of 124 and b?
4
Let d be 164/9 - 2/9. Let q = -250 + 394. What is the highest common divisor of q and d?
18
Let z(q) = q**2 - 31*q + 274. Let w be z(9). What is the greatest common divisor of w and 1786?
38
Let p = 1956 + -569. Calculate the greatest common factor of 57 and p.
19
Let m = 1721 - 1149. What is the greatest common divisor of m and 44?
44
Suppose -l = -4*l + 528. Let k = -95 - -47. Let m be (k/(-10))/(12/40). What is the greatest common divisor of l and m?
16
Let u be 1680/273 + 2/(-13). Let k(g) = 10*g + 44. Let p be k(u). What is the highest common divisor of p and 52?
52
Let x be -4 - ((4 - 9) + -47). What is the highest common factor of 192 and x?
48
Let h be (-4)/(-10) + 126/10. Let a = -2170 + 2222. Calculate the highest common factor of a and h.
13
Let p = -652 + 2009. What is the highest common factor of p and 46?
23
Suppose -2 - 104 = -t. What is the highest common divisor of t and 371?
53
Suppose 6*j + m = 4*j - 109, -20 = 4*m. Let p = 64 + j. What is the highest common factor of p and 144?
12
Suppose -2*a - a = 0, 4*g + 3*a = 1232. What is the greatest common divisor of g and 7?
7
Let k = 37 + -43. Let y(o) = 6*o**2 - 7 + 4*o**3 + 0*o**3 - 3*o**3 - 3*o. Let r be y(k). What is the highest common factor of 88 and r?
11
Let u be (-172)/(-6) + (-2)/3. Let v(j) = 4*j**2 - 10*j - 8. Let m = -28 - -22. Let p be v(m). What is the greatest common divisor of p and u?
28
Suppose 7*u + 25 = 2*u, -3*q = u + 68. Let l be (-439)/(-7) + ((-30)/q)/5.